 2*i**2 - 6 + i. Let n be m(-4). What is the highest common divisor of 45 and n?
9
Let x be (72/(-14))/((-2)/7). Calculate the greatest common divisor of 12 and x.
6
Let l(f) = 2*f - 6. Let h be l(9). Calculate the greatest common divisor of 96 and h.
12
Let z be 0 + 2 + 4/(-2). Suppose z = -0*y - 5*y + 15. Suppose 3*g = 3*n - 61 + 16, 0 = 5*n - y*g - 77. What is the greatest common factor of n and 160?
16
Let s be (-6)/8 - 24/(-32). Let k = s + 5. What is the greatest common factor of 25 and k?
5
Let a = -3 + 8. Suppose 0 = -a*n + 5*v - 1 + 26, 35 = 4*n + v. Calculate the highest common factor of n and 1.
1
Let q = 0 + 4. Suppose 0 = q*d - 53 - 19. Let p = d - 8. What is the greatest common factor of p and 30?
10
Suppose -m - 19 = 5*h - 0*m, 1 = m. Let x be 1 + (-3 - h) + 1. Calculate the greatest common divisor of 9 and x.
3
Suppose 2*y = 3*y + 6. Let f be y/(-2 - 1) - 1. Let k = 2 - f. What is the highest common divisor of 9 and k?
1
Suppose -14*h + 572 = -3*h. Calculate the greatest common factor of 26 and h.
26
Let h be ((-8)/(-3) - 2)*54. What is the greatest common factor of h and 324?
36
Let m be (168/9 - 3)*-6. Let b be 2 + 0 + (3 - m). Calculate the greatest common divisor of b and 11.
11
Suppose 3*a + 2*c = 6*a - 77, 0 = 3*c + 3. Calculate the greatest common factor of 50 and a.
25
Suppose 0 = -v - 0 + 32. Let u = v - 10. Calculate the highest common factor of 198 and u.
22
Let k(w) = 3*w**2 + 2*w - 1. Let l be k(3). What is the greatest common factor of l and 96?
32
Let v = 107 + -80. Calculate the greatest common factor of 6 and v.
3
Let q(g) = 9*g**3 + 2*g**2 - 1. Let a be q(1). Let v = -97 + 167. What is the greatest common factor of a and v?
10
Let g be ((-56)/10)/((-24)/300). What is the greatest common divisor of g and 10?
10
Let w(d) be the third derivative of -d**6/120 - d**5/60 + d**4/12 + d**3/3 - 2*d**2. Let j be w(-3). Calculate the greatest common factor of 21 and j.
7
Let m = 43 + -26. Let s be (m/(-1))/((-5)/25). What is the highest common factor of 34 and s?
17
Suppose -7*j + 12*j - 10 = 0. What is the greatest common factor of j and 10?
2
Suppose 3*d = d + 8. Let r(k) = k**2 + 7*k - 2. Let u be r(-10). Calculate the greatest common factor of u and d.
4
Let c = -10 - -12. Suppose -2*v = c, 0 = d - 8*v + 4*v - 17. Let r = 8 + 135. What is the greatest common divisor of r and d?
13
Suppose -f + 18 = 2*f. Calculate the greatest common divisor of 78 and f.
6
Let b be (-61)/(-6) + ((-5)/6)/5. Let w = 116 - 76. Let t = w + -20. What is the highest common divisor of b and t?
10
Let j(r) = 3*r**2 + r - 1. Let t be j(1). Suppose -7 = -3*w - 1. Let p be w/t*(10 + -1). What is the greatest common divisor of p and 6?
6
Let h(n) = -3*n - 2. Let o be h(-7). Let a be (o + -5)*18/21. Let t be 8/(-2)*(-2 + -25). Calculate the greatest common divisor of a and t.
12
Let g(k) be the second derivative of -11*k**3/6 - 2*k. Let t be g(-1). What is the greatest common factor of 44 and t?
11
Let h be 3/(-7) - (-12)/(-56)*-100. Calculate the greatest common factor of 63 and h.
21
Let k = -6 + 7. Let w be -2*(2 - (4 - k)). Suppose 3*u + 0*u = -w*h + 73, 3*h + 3*u - 117 = 0. Calculate the highest common factor of 11 and h.
11
Suppose -168 = -3*x - 42. Calculate the greatest common divisor of 105 and x.
21
Let i(k) = -k. Let w be i(-2). Let y be 7/2*(w + 0). What is the highest common divisor of y and 28?
7
Let q be -4 + 8 + 1 + 4. Suppose q = 3*k - 42. Calculate the greatest common factor of k and 17.
17
Let n = 8 + -3. Suppose 8 - 74 = -3*q - 4*p, n*q + p = 93. What is the highest common divisor of q and 45?
9
Let s(v) = v + 5. Let p(b) = 1. Let k(o) = -p(o) + s(o). Let z be k(-4). Suppose 6*j - 3*j - 120 = z. What is the greatest common divisor of 16 and j?
8
Let n(z) = -z**2 + 17*z - 22. Let g be n(15). Let x = 2 - 1. What is the highest common factor of g and x?
1
Let r(u) = -5*u - 17. Let h be r(-13). Calculate the greatest common divisor of h and 6.
6
Suppose -t - i + 4 + 5 = 0, -3*t + 3*i - 3 = 0. Suppose -t = -3*q + 2. Suppose -q*c = -3*c + 16. What is the greatest common factor of 8 and c?
8
Suppose -4*f - 32 = -4*j + 12, 0 = -3*j + 5*f + 41. Calculate the greatest common divisor of 7 and j.
7
Suppose 0 = -6*p + 18 + 150. Calculate the highest common divisor of p and 28.
28
Let d(j) = 5*j + 12. Let o be d(0). What is the highest common factor of o and 132?
12
Suppose -h = 3*u + u - 19, -4*u + 17 = 3*h. What is the greatest common factor of u and 65?
5
Let i = 27 - -18. Suppose -5*b + i = -25. What is the greatest common factor of b and 56?
14
Let k be (-10)/35 + (-46)/(-14) + -2. What is the greatest common factor of k and 8?
1
Suppose 2*b - 9 = 21. What is the greatest common divisor of b and 6?
3
Let n be -11 + 13 + 24/1. What is the highest common factor of n and 26?
26
Let v be (117*2)/2 - -2. Let a be v/3 - 2/(-6). What is the greatest common factor of a and 10?
10
Let w be -1 + (-270)/((-3)/1). Suppose -197 - w = -2*m - 2*a, 3*a = -5*m + 715. What is the greatest common divisor of m and 13?
13
Suppose 3*y = p - 2*p + 10, -3*p + 69 = -4*y. Suppose 2*h + s - 5 = -0*h, 2*h = s + 11. Let z be (39 - 1)*2/h. What is the highest common divisor of p and z?
19
Suppose -10 = -x - v - v, -90 = -5*x - 2*v. Calculate the highest common divisor of 220 and x.
20
Suppose 5*q - 34 = -2*g, 2*q + q + 3*g - 24 = 0. Let v be ((-24)/15)/((-16)/40). What is the highest common factor of q and v?
2
Suppose 6*r = -y + 2*r, 3*y - 50 = -2*r. What is the highest common divisor of 220 and y?
20
Suppose 4*d + 256 = 8*d. Let s(m) = 2*m**2. Let a be s(-2). What is the greatest common factor of a and d?
8
Let q(b) = b + 5. Let x be q(3). Calculate the greatest common factor of 24 and x.
8
Let y be 29 - 0/((-2)/(-1)). Let z = -286 - -605. Calculate the highest common divisor of z and y.
29
Let b be (4 - (-65)/(-15))*-51. Calculate the greatest common factor of b and 68.
17
Let c = 301 - 92. Let r = 10 - -9. Calculate the greatest common divisor of r and c.
19
Suppose -5*i + 7*b + 25 = 2*b, -3*i - 4*b = 13. Let x = 2 + i. Suppose -4*a + 1 = -x. What is the greatest common divisor of a and 1?
1
Let n be ((-12)/48)/(2/36)*-10. What is the greatest common divisor of 75 and n?
15
Let u(w) = 4*w - 10. Let r be u(5). What is the highest common factor of r and 30?
10
Let b(o) = 4*o + 2. Suppose -8 = -a - a. Let r be b(a). Let d be (-2)/4 + 38/4. Calculate the greatest common divisor of d and r.
9
Let q(w) = -10*w - 1. Let a be q(-5). Let b = 31 + -31. Let c(g) = -g + 7. Let v be c(b). What is the highest common divisor of v and a?
7
Suppose 84 - 4 = 5*x. Suppose -g - 3*q + 11 = 0, 5*g - 31 = -3*q - 0*q. Let y be (-5)/g - (-1 - 8). What is the greatest common factor of y and x?
8
Let v(i) = -i**3 - 7*i**2 + 8*i + 3. Let b be v(-8). Calculate the highest common divisor of 3 and b.
3
Let s be 10/8*8/2. Suppose 2*h = -2*h - 4*l + 168, s*h = -l + 218. What is the highest common divisor of h and 4?
4
Suppose 0 = -v + 27 + 25. Suppose 0 = -5*c + 9 - 29, 4*k - 5*c = v. Calculate the greatest common factor of 40 and k.
8
Let c = -33 + 41. Calculate the highest common factor of c and 1.
1
Suppose -9*p = -4*p - 720. Suppose -4*c = 4 - p. Calculate the greatest common factor of c and 14.
7
Suppose 4*n - 7*n - 255 = -2*p, 2*n = -2. Calculate the greatest common factor of p and 18.
18
Suppose 4*d = 2*a - a - 34, -d = a - 19. Let f = 138 + -83. What is the greatest common factor of a and f?
11
Suppose -a - 3*s + 36 = 0, -4*s + 144 = 5*a - s. What is the greatest common factor of 135 and a?
27
Suppose -1 = 2*a - 5. Suppose -14 = -5*x - 4*d, 0 = 3*x + 4*d + a - 12. What is the highest common factor of x and 4?
2
Let c(j) = -27*j**3 + j**2 + j + 1. Let d be c(-1). Let i = -34 - -37. Suppose 2*h - 14 = -2*o, -h + d = i*h + o. What is the highest common factor of h and 7?
7
Let g(p) = p**2 - 7*p + 4. Let j be g(9). Calculate the greatest common factor of 198 and j.
22
Let z = 140 + -91. Suppose z = 3*g - i - i, -3*g + 5*i = -46. Suppose -m - 3*m = -204. What is the greatest common factor of g and m?
17
Let v(j) = 2*j - 1. Let p be v(6). Let o(z) = 7*z**2 + 2*z + 1. Let h be (-6)/(-2) + 5 + -4. Let b be o(h). Calculate the highest common divisor of b and p.
11
Let b(r) = 7*r + 8. Let w 